9400?
False
Does 42 divide 206808?
True
Does 15 divide 458609?
False
Does 8 divide 109600?
True
Is 22060 a multiple of 2?
True
Does 690 divide 9241688?
False
Is 215 a factor of 4566780?
False
Is 21 a factor of 110489?
False
Is 41 a factor of 11822201?
False
Does 2095 divide 12940694?
False
Is 538 a factor of 1579568?
True
Is 115 a factor of 349682?
False
Is 810740 a multiple of 8?
False
Is 2054272 a multiple of 88?
True
Does 33 divide 13117335?
True
Is 14 a factor of 15744599?
False
Is 290 a factor of 235279?
False
Is 442 a factor of 255034?
True
Does 672 divide 6159552?
True
Is 2001384 a multiple of 19?
True
Is 18 a factor of 4420134?
True
Does 77 divide 453287?
False
Is 5 a factor of 959385?
True
Is 529 a factor of 247043?
True
Is 144 a multiple of 72?
True
Is 107 a factor of 2299759?
False
Does 568 divide 607941?
False
Does 22 divide 356994?
True
Does 18 divide 2076624?
True
Is 416 a factor of 4872608?
True
Is 3867540 a multiple of 199?
False
Is 282 a factor of 249852?
True
Does 6 divide 1892322?
True
Is 7 a factor of 1758631?
True
Is 14 a factor of 104054?
False
Is 201950 a multiple of 156?
False
Is 208 a factor of 1226160?
True
Does 182 divide 847818?
False
Is 18 a factor of 239022?
True
Is 5621730 a multiple of 1099?
False
Is 160174 a multiple of 24?
False
Does 484 divide 28489208?
True
Is 202713 a multiple of 29?
False
Is 29 a factor of 2892286?
True
Is 2932402 a multiple of 95?
False
Is 26221 a multiple of 8?
False
Does 13 divide 447310?
False
Does 64 divide 412537?
False
Does 12 divide 397176?
True
Does 50 divide 1170553?
False
Is 4914265 a multiple of 41?
False
Is 141 a factor of 177278?
False
Is 1027215 a multiple of 27?
True
Does 14 divide 144624?
False
Does 475 divide 56050?
True
Is 14732103 a multiple of 489?
True
Is 117425 a multiple of 77?
True
Is 425 a factor of 13116670?
False
Does 22 divide 6143500?
True
Is 7109580 a multiple of 7?
False
Is 18 a factor of 1395126?
True
Does 7 divide 167911?
False
Is 420 a factor of 2627940?
True
Does 17 divide 6755194?
False
Is 148828 a multiple of 15?
False
Does 3 divide 102675?
True
Is 340 a factor of 127199?
False
Is 208369 a multiple of 22?
False
Is 12649 a multiple of 139?
True
Is 1208730 a multiple of 86?
True
Is 202 a factor of 1445310?
True
Is 13 a factor of 353223?
True
Is 14 a factor of 7591178?
True
Is 16750924 a multiple of 1213?
False
Is 1327482 a multiple of 122?
True
Is 4454859 a multiple of 249?
True
Is 147260 a multiple of 37?
True
Is 86125 a multiple of 125?
True
Is 119 a factor of 44196?
False
Is 355 a factor of 420320?
True
Does 4 divide 657445?
False
Is 27 a factor of 79353?
True
Does 18 divide 45625?
False
Is 135 a factor of 1487988?
False
Is 840936 a multiple of 35?
False
Does 54 divide 242460?
True
Is 1052 a factor of 1667437?
False
Does 5 divide 817309?
False
Does 104 divide 7011211?
False
Does 25 divide 1037450?
True
Does 59 divide 719337?
False
Does 3 divide 301647?
True
Does 705 divide 6327375?
True
Is 1140183 a multiple of 297?
True
Is 1641096 a multiple of 146?
False
Is 11 a factor of 806718?
True
Is 14 a factor of 3113148?
False
Does 3 divide 5250?
True
Does 540 divide 9023543?
False
Does 164 divide 375833?
False
Is 704242 a multiple of 538?
True
Does 60 divide 14140227?
False
Is 8387145 a multiple of 767?
True
Is 23 a factor of 6889352?
False
Is 1417476 a multiple of 18?
False
Is 9 a factor of 1075767?
False
Is 5 a factor of 1896082?
False
Is 1194121 a multiple of 40?
False
Is 14232 a multiple of 3?
True
Is 21 a factor of 152238?
False
Is 230 a factor of 2959203?
False
Does 197 divide 1354034?
False
Is 25376 a multiple of 8?
True
Is 20 a factor of 127200?
True
Is 2 a factor of 5909?
False
Is 1467582 a multiple of 711?
False
Is 9 a factor of 111807?
True
Does 5 divide 167986?
False
Does 86 divide 12243648?
True
Is 364 a factor of 11284?
True
Is 53 a factor of 59662?
False
Is 14 a factor of 227206?
True
Does 61 divide 416224?
False
Is 1599000 a multiple of 328?
True
Is 430542 a multiple of 119?
True
Is 3 a factor of 8031183?
True
Is 803 a factor of 182771?
False
Does 122 divide 24644?
True
Is 4 a factor of 5659648?
True
Is 3334408 a multiple of 28?
True
Does 13 divide 730296?
False
Is 75240 a multiple of 120?
True
Does 124 divide 4770776?
True
Does 41 divide 585972?
True
Is 1480599 a multiple of 17?
False
Does 575 divide 16064579?
False
Does 583 divide 186560?
True
Does 48 divide 1153488?
True
Does 45 divide 620753?
False
Does 55 divide 1197845?
True
Is 25 a factor of 1161424?
False
Does 161 divide 215579?
True
Is 8 a factor of 1076064?
True
Does 35 divide 971985?
True
Does 11 divide 116105?
True
Does 37 divide 11973707?
False
Does 330 divide 4837569?
False
Is 289207 a multiple of 172?
False
Is 353322 a multiple of 162?
True
Does 29 divide 235596?
True
Is 205269 a multiple of 53?
True
Is 270651 a multiple of 9?
False
Is 53 a factor of 366993?
False
Is 947852 a multiple of 526?
True
Is 7994250 a multiple of 114?
True
Is 278386 a multiple of 218?
True
Is 58 a factor of 1527288?
False
Is 531 a factor of 445713?
False
Is 575 a factor of 124710?
False
Does 8 divide 2897184?
True
Is 765020 a multiple of 10?
True
Is 48 a factor of 250896?
True
Is 30 a factor of 938246?
False
Does 8 divide 1172135?
False
Is 21764760 a multiple of 51?
True
Is 4 a factor of 9628?
True
Is 2709598 a multiple of 13?
False
Is 301 a factor of 5828636?
False
Is 118 a factor of 21303956?
True
Does 27 divide 30429?
True
Is 166744 a multiple of 76?
True
Is 118250 a multiple of 22?
True
Is 8334576 a multiple of 54?
True
Is 61 a factor of 287614?
False
Is 161833 a multiple of 61?
True
Is 968 a factor of 7758397?
False
Is 1389826 a multiple of 22?
False
Is 11843 a multiple of 2?
False
Is 88 a factor of 57640?
True
Is 3260958 a multiple of 511?
False
Is 12 a factor of 793812?
True
Is 1471651 a multiple of 17?
False
Is 245406 a multiple of 165?
False
Is 118 a factor of 88291?
False
Is 7481268 a multiple of 394?
False
Is 52 a factor of 2421588?
True
Is 1934666 a multiple of 598?
False
Is 412484 even?
True
Is 3086 a multiple of 59?
False
Is 14953800 a multiple of 60?
True
Is 3709804 a multiple of 329?
True
Is 1602430 a multiple of 164?
False
Does 7 divide 326326?
True
Is 110 a factor of 77220?
True
Is 17 a factor of 1371807?
False
Is 63496 a multiple of 528?
False
Is 97 a factor of 12024?
False
Is 677946 a multiple of 206?
True
Is 512 a factor of 75995?
False
Is 299 a factor of 2315776?
False
Is 547348 a multiple of 360?
False
Is 341 a factor of 1546435?
True
Does 184 divide 40653?
False
Does 93 divide 149729?
False
Does 81 divide 275327?
False
Does 105 divide 3870412?
False
Is 357296 a multiple of 66?
False
Does 1596 divide 9386076?
True
Is 87 a factor of 312559?
False
Is 84 a factor of 70805?
False
Is 787725 a multiple of 21?
False
Does 25 divide 10407645?
False
Is 32 a factor of 2627808?
True
Is 19 a factor of 85082?
True
Is 167881 a multiple of 29?
True
Is 6 a factor of 9434862?
True
Is 47 a factor of 786968?
True
Is 179 a factor of 994166?
True
Does 21 divide 1021285?
False
Is 19 a factor of 206606?
True
Is 17 a factor of 239530?
True
Is 374 a factor of 3740?
True
Is 13 a factor of 201932?
False
Is 1395202 a multiple of 30?
False
Is 52 a factor of 6448121?
False
Is 2 a factor of 126694?
True
Is 320936 a multiple of 14?
True
Is 14 a factor of 248731?
False
Is 396653 a multiple of 6?
False
Is 812075 a multiple of 25?
True
Is 42 a factor of 154999?
False
Does 6 divide 251514?
True
Is 18 a factor of 10189836?
True
Is 1792 a factor of 5363456?
True
Does 102 divide 6795240?
True
Is 7188974 a multiple of 12?
False
Is 7336434 a multiple of 59?
False
Does 11 divide 3401773?
False
Is 15 a factor of 2467?
False
Is 24 a factor of 399504?
True
Does 22 divide 2038839?
False
Does 207 divide 6843420?
True
Is 149 a factor of 10500626?
True
Is 181804 a multiple of 28?
True
Is 122908 a multiple of 18?
False
Is 142127 a multiple of 137?
False
Is 181 a factor of 53671?
False
Is 280357 a multiple of 77?
True
Does 124 divide 649995?
False
Is 860689 a multiple of 31?
False
Is 9207 a multiple of 297?
True
Is 143 a factor of 292721?
True
Is 363 a factor of 387684?
True
Does 110 divide 308660?
True
Is 364272 a multiple of 252?
False
Does 30 divide 4764940?
False
Is 405 a factor of 321975?
True
Is 17 a factor of 8863290?
